Calculate the remainder when 6594 is divided by 108.
6
Calculate the remainder when 17369 is divided by 139.
133
Calculate the remainder when 2567 is divided by 1216.
135
What is the remainder when 2051 is divided by 115?
96
Calculate the remainder when 348523 is divided by 20501.
6
What is the remainder when 307228 is divided by 69?
40
Calculate the remainder when 5441 is divided by 2708.
25
What is the remainder when 7625 is divided by 7592?
33
What is the remainder when 434 is divided by 425?
9
Calculate the remainder when 139245 is divided by 7327.
32
Calculate the remainder when 342662 is divided by 116.
114
What is the remainder when 18893 is divided by 8?
5
What is the remainder when 1634 is divided by 76?
38
Calculate the remainder when 1422 is divided by 1329.
93
What is the remainder when 161058 is divided by 575?
58
What is the remainder when 49603 is divided by 11?
4
Calculate the remainder when 29648 is divided by 200.
48
What is the remainder when 5622 is divided by 2793?
36
What is the remainder when 1359 is divided by 1068?
291
Calculate the remainder when 3803930 is divided by 223.
219
Calculate the remainder when 1550384 is divided by 2.
0
What is the remainder when 19348 is divided by 3842?
138
Calculate the remainder when 158576 is divided by 329.
327
Calculate the remainder when 250854 is divided by 476.
2
What is the remainder when 5145 is divided by 1684?
93
Calculate the remainder when 2282 is divided by 544.
106
What is the remainder when 38233 is divided by 1194?
25
Calculate the remainder when 22048 is divided by 589.
255
What is the remainder when 34907 is divided by 4?
3
What is the remainder when 17475 is divided by 10?
5
Calculate the remainder when 5814 is divided by 1934.
12
What is the remainder when 64713 is divided by 173?
11
Calculate the remainder when 126682 is divided by 121.
116
Calculate the remainder when 9351 is divided by 1334.
13
Calculate the remainder when 186561 is divided by 12.
9
What is the remainder when 6540 is divided by 1633?
8
What is the remainder when 7869 is divided by 439?
406
Calculate the remainder when 56813 is divided by 1232.
141
Calculate the remainder when 2219 is divided by 443.
4
What is the remainder when 23574 is divided by 76?
14
What is the remainder when 46779 is divided by 86?
81
What is the remainder when 8619 is divided by 6?
3
Calculate the remainder when 444555 is divided by 96.
75
What is the remainder when 4516 is divided by 3491?
1025
Calculate the remainder when 7147 is divided by 55.
52
What is the remainder when 24742 is divided by 112?
102
What is the remainder when 108297 is divided by 10826?
37
What is the remainder when 12615 is divided by 38?
37
What is the remainder when 4627 is divided by 312?
259
What is the remainder when 11245 is divided by 3720?
85
Calculate the remainder when 5638 is divided by 293.
71
Calculate the remainder when 6937 is divided by 23.
14
What is the remainder when 5055967 is divided by 227?
223
What is the remainder when 9792 is divided by 59?
57
Calculate the remainder when 678 is divided by 437.
241
What is the remainder when 649940 is divided by 18?
14
What is the remainder when 110031 is divided by 22?
9
What is the remainder when 7257 is divided by 883?
193
Calculate the remainder when 426317 is divided by 2.
1
Calculate the remainder when 28453 is divided by 1128.
253
What is the remainder when 1078 is divided by 611?
467
What is the remainder when 3144270 is divided by 1503?
1497
Calculate the remainder when 1418 is divided by 701.
16
Calculate the remainder when 194545 is divided by 2665.
0
Calculate the remainder when 3993078 is divided by 7.
5
What is the remainder when 1636 is divided by 690?
256
What is the remainder when 8982 is divided by 92?
58
What is the remainder when 5493 is divided by 692?
649
What is the remainder when 3826 is divided by 1559?
708
Calculate the remainder when 40584 is divided by 356.
0
What is the remainder when 36191 is divided by 53?
45
Calculate the remainder when 278 is divided by 224.
54
What is the remainder when 6666 is divided by 335?
301
What is the remainder when 18740 is divided by 551?
6
Calculate the remainder when 1683233 is divided by 427.
426
What is the remainder when 4864 is divided by 700?
664
Calculate the remainder when 11838 is divided by 15.
3
Calculate the remainder when 10498 is divided by 404.
398
Calculate the remainder when 1403 is divided by 3.
2
Calculate the remainder when 932023 is divided by 15.
13
Calculate the remainder when 19907 is divided by 19870.
37
Calculate the remainder when 4289 is divided by 3.
2
What is the remainder when 3802667 is divided by 492?
491
Calculate the remainder when 2150510 is divided by 182.
180
Calculate the remainder when 45758 is divided by 172.
6
What is the remainder when 3067 is divided by 1012?
31
Calculate the remainder when 250244 is divided by 167.
78
Calculate the remainder when 7691840 is divided by 12.
8
Calculate the remainder when 9810 is divided by 93.
45
What is the remainder when 395448 is divided by 326?
10
Calculate the remainder when 15169 is divided by 5019.
112
Calculate the remainder when 318 is divided by 192.
126
What is the remainder when 14669 is divided by 733?
9
Calculate the remainder when 6909 is divided by 265.
19
Calculate the remainder when 57827 is divided by 11.
0
What is the remainder when 2245 is divided by 87?
70
What is the remainder when 10213 is divided by 79?
22
What is the remainder when 15011 is divided by 14992?
19
Calculate the remainder when 80054 is divided by 2579.
105
What is the remainder when 8772 is divided by 42?
36
What is the remainder when 1426 is divided by 72?
58
What is the remainder when 61069 is divided by 423?
157
What is the remainder when 2088 is divided by 442?
320
What is the remainder when 786 is divided by 33?
27
Calculate the remainder when 304188 is divided by 2287.
17
Calculate the remainder when 6172 is divided by 55.
12
What is the remainder when 1119 is divided by 158?
13
Calculate the remainder when 89758 is divided by 29912.
22
Calculate the remainder when 248681 is divided by 19.
9
Calculate the remainder when 94176 is divided by 216.
0
What is the remainder when 89665 is divided by 3448?
17
Calculate the remainder when 50962 is divided by 12669.
286
What is the remainder when 5255 is divided by 533?
458
Calculate the remainder when 9221 is divided by 3035.
116
What is the remainder when 31018 is divided by 27?
22
Calculate the remainder when 15708 is divided by 238.
0
What is the remainder when 72266 is divided by 178?
176
What is the remainder when 213440 is divided by 193?
175
What is the remainder when 29053 is divided by 807?
1
What is the remainder when 272790 is divided by 13?
11
Calculate the remainder when 335888 is divided by 335882.
6
Calculate the remainder when 8087 is divided by 1613.
22
What is the remainder when 666824 is divided by 18?
14
What is the remainder when 2269 is divided by 2240?
29
Calculate the remainder when 88232 is divided by 939.
905
What is the remainder when 22950 is divided by 534?
522
What is the remainder when 17710 is divided by 591?
571
What is the remainder when 129856 is divided by 154?
34
Calculate the remainder when 901 is divided by 60.
1
Calculate the remainder when 59136 is divided by 19710.
6
Calculate the remainder when 803403 is divided by 7.
6
Calculate the remainder when 2693 is divided by 821.
230
Calculate the remainder when 513956 is divided by 201.
200
What is the remainder when 149384 is divided by 422?
418
Calculate the remainder when 230826 is divided by 82.
78
What is the remainder when 44760 is divided by 74?
64
Calculate the remainder when 602 is divided by 168.
98
What is the remainder when 10313 is divided by 1060?
773
Calculate the remainder when 6964 is divided by 622.
122
Calculate the remainder when 373194 is divided by 133.
129
Calculate the remainder when 1567883 is divided by 641.
638
What is the remainder when 4296 is divided by 1432?
0
Calculate the remainder when 49270 is divided by 385.
375
What is the remainder when 1200814 is divided by 42886?
6
What is the remainder when 74175 is divided by 1032?
903
Calculate the remainder when 8823 is divided by 720.
183
Calculate the 